{"id":257122,"date":"2024-05-07T11:07:53","date_gmt":"2024-05-07T14:07:53","guid":{"rendered":"https:\/\/bracis.sbc.org.br\/2024\/?page_id=257122"},"modified":"2024-12-13T11:39:16","modified_gmt":"2024-12-13T14:39:16","slug":"xiv-concurso-de-teses-e-dissertacoes-em-inteligencia-artificial-e-computacional","status":"publish","type":"page","link":"https:\/\/bracis.sbc.org.br\/2024\/xiv-concurso-de-teses-e-dissertacoes-em-inteligencia-artificial-e-computacional\/","title":{"rendered":"XIV Concurso de Teses e Disserta\u00e7\u00f5es em Intelig\u00eancia Artificial e Computacional"},"content":{"rendered":"<p>[et_pb_section fb_built=&#8221;1&#8243; padding_top_bottom_link_2=&#8221;false&#8221; padding_left_right_link_2=&#8221;false&#8221; _builder_version=&#8221;4.25.0&#8243; _module_preset=&#8221;default&#8221; background_color=&#8221;gcid-1d86a217-8a0f-44b9-b3c2-cb04696d0f7f&#8221; overflow-x=&#8221;hidden&#8221; overflow-y=&#8221;hidden&#8221; custom_margin=&#8221;||0px||false|false&#8221; custom_padding=&#8221;4vw||3vw||false|false&#8221; locked=&#8221;off&#8221; global_colors_info=&#8221;{%22gcid-1d86a217-8a0f-44b9-b3c2-cb04696d0f7f%22:%91%22background_color%22%93}&#8221;][et_pb_row column_structure=&#8221;2_3,1_3&#8243; _builder_version=&#8221;4.25.0&#8243; _module_preset=&#8221;default&#8221; custom_margin=&#8221;||0px||false|false&#8221; custom_padding=&#8221;||0px||false|false&#8221; locked=&#8221;off&#8221; global_colors_info=&#8221;{}&#8221;][et_pb_column type=&#8221;2_3&#8243; _builder_version=&#8221;4.22.0&#8243; _module_preset=&#8221;default&#8221; global_colors_info=&#8221;{}&#8221;][et_pb_text _builder_version=&#8221;4.25.0&#8243; _module_preset=&#8221;6f8c47c6-2aa4-4f59-993d-d5e8713d11a8&#8243; header_text_color=&#8221;gcid-b0afb9e7-00cb-4a3b-9bdf-e3137e7083ae&#8221; header_font_size=&#8221;50px&#8221; custom_margin=&#8221;||0px||false|false&#8221; custom_padding=&#8221;||0px||false|false&#8221; global_colors_info=&#8221;{%22gcid-b0afb9e7-00cb-4a3b-9bdf-e3137e7083ae%22:%91%22header_text_color%22%93}&#8221;]<\/p>\n<h1><span>Call for papers<\/span><\/h1>\n<p>[\/et_pb_text][et_pb_text _builder_version=&#8221;4.25.0&#8243; _module_preset=&#8221;6f8c47c6-2aa4-4f59-993d-d5e8713d11a8&#8243; header_text_color=&#8221;gcid-b0afb9e7-00cb-4a3b-9bdf-e3137e7083ae&#8221; header_font_size=&#8221;50px&#8221; header_2_font=&#8221;Anton||||||||&#8221; header_2_font_size=&#8221;18px&#8221; custom_margin=&#8221;||0px||false|false&#8221; custom_padding=&#8221;||0px||false|false&#8221; global_colors_info=&#8221;{%22gcid-b0afb9e7-00cb-4a3b-9bdf-e3137e7083ae%22:%91%22header_text_color%22%93}&#8221;]<\/p>\n<h2>14\u00ba Concurso de Teses e Disserta\u00e7\u00f5es em Intelig\u00eancia Artificial e Computacional<\/h2>\n<p>[\/et_pb_text][dsm_business_hours _builder_version=&#8221;4.25.0&#8243; _module_preset=&#8221;default&#8221; global_colors_info=&#8221;{}&#8221;][\/dsm_business_hours][\/et_pb_column][et_pb_column type=&#8221;1_3&#8243; _builder_version=&#8221;4.25.0&#8243; _module_preset=&#8221;default&#8221; global_colors_info=&#8221;{}&#8221;][et_pb_image src=&#8221;https:\/\/bracis.sbc.org.br\/2024\/wp-content\/uploads\/2024\/05\/financial-planning-20.png&#8221; title_text=&#8221;financial-planning-20&#8243; _builder_version=&#8221;4.25.0&#8243; _module_preset=&#8221;default&#8221; positioning=&#8221;absolute&#8221; position_origin_a=&#8221;center_left&#8221; custom_margin=&#8221;0px|-30%|0px||false|false&#8221; custom_margin_tablet=&#8221;|0%||0%|false|true&#8221; custom_margin_phone=&#8221;|0%||0%|false|true&#8221; custom_margin_last_edited=&#8221;on|tablet&#8221; custom_padding=&#8221;0px||0px||false|false&#8221; locked=&#8221;off&#8221; global_colors_info=&#8221;{}&#8221;][\/et_pb_image][\/et_pb_column][\/et_pb_row][\/et_pb_section][et_pb_section fb_built=&#8221;1&#8243; bg_img_2=&#8221;https:\/\/bracis.sbc.org.br\/2024\/wp-content\/uploads\/2024\/04\/business-05.jpg&#8221; admin_label=&#8221;About&#8221; _builder_version=&#8221;4.16&#8243; background_image=&#8221;https:\/\/bracis.sbc.org.br\/2024\/wp-content\/uploads\/2024\/04\/investing-15.jpg&#8221; background_size=&#8221;initial&#8221; background_position=&#8221;top_center&#8221; custom_padding=&#8221;||19px|||&#8221; global_colors_info=&#8221;{}&#8221;][et_pb_row column_structure=&#8221;3_5,2_5&#8243; _builder_version=&#8221;4.27.2&#8243; custom_margin=&#8221;0px||||false|false&#8221; custom_padding=&#8221;0px||||false|false&#8221; hover_enabled=&#8221;0&#8243; global_colors_info=&#8221;{}&#8221; sticky_enabled=&#8221;0&#8243;][et_pb_column type=&#8221;3_5&#8243; _builder_version=&#8221;4.16&#8243; custom_padding=&#8221;|||&#8221; global_colors_info=&#8221;{}&#8221; custom_padding__hover=&#8221;|||&#8221;][et_pb_text _builder_version=&#8221;4.16&#8243; text_font=&#8221;||||||||&#8221; text_font_size=&#8221;15px&#8221; text_line_height=&#8221;2em&#8221; header_2_font=&#8221;Glegoo||||||||&#8221; header_2_font_size=&#8221;40px&#8221; header_2_line_height=&#8221;1.4em&#8221; header_4_font=&#8221;|700||on|||||&#8221; header_4_text_color=&#8221;#1d48c0&#8243; header_4_font_size=&#8221;16px&#8221; header_4_letter_spacing=&#8221;2px&#8221; header_4_line_height=&#8221;1.6em&#8221; header_2_font_size_tablet=&#8221;30px&#8221; header_2_font_size_phone=&#8221;22px&#8221; header_2_font_size_last_edited=&#8221;on|phone&#8221; header_4_font_size_tablet=&#8221;&#8221; header_4_font_size_phone=&#8221;14px&#8221; header_4_font_size_last_edited=&#8221;on|phone&#8221; locked=&#8221;off&#8221; global_colors_info=&#8221;{}&#8221;]<\/p>\n<p><b>CTDIAC 2024<\/b><\/p>\n<p><span style=\"font-weight: 400;\">A 14\u00ba edi\u00e7\u00e3o do Concurso de Teses e Disserta\u00e7\u00f5es em Intelig\u00eancia Artificial e Computacional (CTDIAC) \u00e9 um evento sat\u00e9lite do XIII Confer\u00eancia Brasileira de Sistemas Inteligentes (BRACIS), que ocorrer\u00e1 de 18 a 21 de Novembro de 2024, em Bel\u00e9m, Par\u00e1.<\/span><\/p>\n<p><span style=\"font-weight: 400;\">Como nos anos anteriores, o evento visa reconhecer e premiar os melhores trabalhos de mestrado e doutorado na \u00e1rea defendidos em universidades brasileiras no per\u00edodo de agosto de 2022 (inclusive) a julho de 2024 (inclusive).<\/span><\/p>\n<p><span style=\"font-weight: 400;\"><\/span><\/p>\n<p><b>CANDIDATURA<\/b><\/p>\n<p><span style=\"font-weight: 400;\">O CTDIAC espera trabalhos conclu\u00eddos, originais e com impacto cient\u00edfico potencial. Candidaturas devem incluir dois arquivos em PDF: um contendo a tese\/disserta\u00e7\u00e3o e outro contendo um artigo que resuma a tese\/disserta\u00e7\u00e3o e enfatize as contribui\u00e7\u00f5es mais relevantes da pesquisa e de trabalhos derivados.\u00a0<\/span><\/p>\n<p><span style=\"font-weight: 400;\">O artigo deve conter a seguinte informa\u00e7\u00e3o na primeira p\u00e1gina:<\/span><\/p>\n<ul>\n<li style=\"font-weight: 400;\" aria-level=\"1\"><span style=\"font-weight: 400;\">Nome da pessoa candidata<\/span><\/li>\n<li style=\"font-weight: 400;\" aria-level=\"1\"><span style=\"font-weight: 400;\">Institui\u00e7\u00e3o emissora do t\u00edtulo<\/span><\/li>\n<li style=\"font-weight: 400;\" aria-level=\"1\"><span style=\"font-weight: 400;\">Nome de orientadores e co-orientadores<\/span><\/li>\n<li style=\"font-weight: 400;\" aria-level=\"1\"><span style=\"font-weight: 400;\">Trilha (MSc or PhD)<\/span><\/li>\n<li style=\"font-weight: 400;\" aria-level=\"1\"><span style=\"font-weight: 400;\">Data da defesa ou apresenta\u00e7\u00e3o oral<\/span><\/li>\n<li style=\"font-weight: 400;\" aria-level=\"1\"><span style=\"font-weight: 400;\">Membros da banca de defesa<\/span><\/li>\n<li style=\"font-weight: 400;\" aria-level=\"1\"><span style=\"font-weight: 400;\">Link para vers\u00e3o da monografia na \u00edntegra (escrita em ingl\u00eas ou em portugu\u00eas)<\/span><\/li>\n<li style=\"font-weight: 400;\" aria-level=\"1\"><span style=\"font-weight: 400;\">Ponteiros para trabalhos derivados<\/span><\/li>\n<li style=\"font-weight: 400;\" aria-level=\"1\"><span style=\"font-weight: 400;\">Link para o perfil do Google Scholar<\/span><\/li>\n<\/ul>\n<p><span style=\"font-weight: 400;\">Os artigos\u00a0 podem ser escritos em ingl\u00eas ou portugu\u00eas e n\u00e3o devem ultrapassar o limite de 10 p\u00e1ginas, incluindo t\u00edtulo, tabelas e figuras (excluindo refer\u00eancias e ap\u00eandice, este \u00faltimo \u00e9 opcional, mas se inclu\u00eddo, n\u00e3o deve ultrapassar 3 p\u00e1ginas). O artigo deve conformar com o\u00a0 <\/span><a href=\"https:\/\/pt.overleaf.com\/read\/pbbnphqrqjkx#5e80de\"><span style=\"font-weight: 400;\">Latex Template<\/span><\/a><span style=\"font-weight: 400;\"> (Portugu\u00eas).<\/span><\/p>\n<p><span style=\"font-weight: 400;\">Os envios que excederem o limite m\u00e1ximo de p\u00e1ginas ou que violarem as diretrizes de formata\u00e7\u00e3o ser\u00e3o retirados do processo sem revis\u00e3o.<\/span><\/p>\n<p><span style=\"font-weight: 400;\"><\/span><\/p>\n<p><b>Processo decis\u00f3rio PROCESSO DECIS\u00d3RIO<\/b><\/p>\n<p><span style=\"font-weight: 400;\">O concurso \u00e9 composto de duas fases. Na primeira, as candidaturas s\u00e3o avaliadas por um comit\u00ea de programa composto de pares, com foco no artigo resumido enviado. As candidaturas melhor avaliadas avan\u00e7am para a segunda fase, que consiste de uma apresenta\u00e7\u00e3o oral para um comit\u00ea espec\u00edfico. O comit\u00ea ent\u00e3o classifica as candidaturas em 1o, 2o, 3o e demais lugares, em cada trilha (Mestrado ou Doutorado). Os candidatos selecionados para a segunda fase devem participar da confer\u00eancia e apresentar pessoalmente o trabalho perante a banca. Situa\u00e7\u00f5es extraordin\u00e1rias que necessitem de participa\u00e7\u00e3o remota do candidato\u00a0 ser\u00e3o analisadas individualmente pelos coordenadores de programa.\u00a0<\/span><\/p>\n<p>[\/et_pb_text][\/et_pb_column][et_pb_column type=&#8221;2_5&#8243; _builder_version=&#8221;4.16&#8243; custom_padding=&#8221;|||&#8221; global_colors_info=&#8221;{}&#8221; custom_padding__hover=&#8221;|||&#8221;][et_pb_text _builder_version=&#8221;4.16&#8243; text_font=&#8221;||||||||&#8221; text_font_size=&#8221;15px&#8221; text_line_height=&#8221;2em&#8221; header_2_font=&#8221;Glegoo||||||||&#8221; header_2_font_size=&#8221;40px&#8221; header_2_line_height=&#8221;1.4em&#8221; header_4_font=&#8221;|700||on|||||&#8221; header_4_text_color=&#8221;#1d48c0&#8243; header_4_font_size=&#8221;16px&#8221; header_4_letter_spacing=&#8221;2px&#8221; header_4_line_height=&#8221;1.6em&#8221; hover_enabled=&#8221;0&#8243; header_2_font_size_tablet=&#8221;30px&#8221; header_2_font_size_phone=&#8221;22px&#8221; header_2_font_size_last_edited=&#8221;on|phone&#8221; header_4_font_size_tablet=&#8221;&#8221; header_4_font_size_phone=&#8221;14px&#8221; header_4_font_size_last_edited=&#8221;on|phone&#8221; locked=&#8221;off&#8221; global_colors_info=&#8221;{}&#8221; sticky_enabled=&#8221;0&#8243;]<\/p>\n<p><strong>Link para os resultados correspondentes \u00e0 DOUTORADO e MESTRADO:<\/strong><\/p>\n<p><a href=\"https:\/\/drive.google.com\/file\/d\/17vwBoXxuWDfq7RRX-E9eKBIf_9N3XHNV\/view?usp=sharing\">https:\/\/drive.google.com\/file\/d\/17vwBoXxuWDfq7RRX-E9eKBIf_9N3XHNV\/view?usp=sharing<\/a><\/p>\n<p><a href=\"https:\/\/drive.google.com\/file\/d\/1GbN_cCoBe4KANtr5B1NEqujZG2wzDuAx\/view?usp=sharing\">https:\/\/drive.google.com\/file\/d\/1GbN_cCoBe4KANtr5B1NEqujZG2wzDuAx\/view?usp=sharing<\/a><\/p>\n<p><strong>DATAS IMPORTANTES<\/strong><\/p>\n<p><span style=\"font-weight: 400;\">&#8211; Submiss\u00e3o da candidatura<\/span><span style=\"font-weight: 400;\">: <b>25\/08\/2024 <\/b><\/span><b><br \/><\/b><span style=\"font-weight: 400;\">&#8211; Notifica\u00e7\u00e3o:<\/span> <b>30\/09\/2024<\/b><\/p>\n<p><b> <\/b><\/p>\n<p><b>As inscri\u00e7\u00f5es podem ser feitas no site do JEMS em:<br \/><a href=\"https:\/\/jems.sbc.org.br\/home.cgi?c=4618\">https:\/\/jems.sbc.org.br\/home.cgi?c=4618<\/a><a href=\"https:\/\/jems.sbc.org.br\/home.cgi?c=4618\"><\/a><br \/><\/b><\/p>\n<p><b><\/b><\/p>\n<p><b>T\u00d3PICOS DE INTERESSE<\/b><\/p>\n<p><span style=\"font-weight: 400;\">T\u00f3picos espec\u00edficos de interesse incluem, mas n\u00e3o est\u00e3o limitados a:<\/span><\/p>\n<p><span style=\"font-weight: 400;\">&#8211; AI and the Web (AIW)<br \/><\/span><span style=\"font-size: 15px;\">&#8211; Applications (APP)<br \/>&#8211;<\/span><span style=\"font-size: 15px;\"> Cognitive Modeling (CM)<br \/><\/span><span style=\"font-size: 15px;\">&#8211; Cognitive Systems (CS)<br \/><\/span><span style=\"font-size: 15px;\">&#8211; Computational Sustainability (CSUS)<br \/><\/span><span style=\"font-size: 15px;\">&#8211; Constraint Satisfaction and Optimization (CSO)<br \/><\/span><span style=\"font-size: 15px;\">&#8211; Game Playing and Interactive Entertainment (GPIE)<br \/><\/span><span style=\"font-size: 15px;\">&#8211; Game Theory and Economic Paradigms (GTEP)<br \/><\/span><span style=\"font-size: 15px;\">&#8211; Heuristic Search and Optimization (HSO)<br \/><\/span><span style=\"font-size: 15px;\">&#8211; Human-AI Collaboration (HAC)<br \/><\/span><span style=\"font-size: 15px;\">&#8211; Humans and AI (HAI)<br \/><\/span><span style=\"font-size: 15px;\">&#8211; Human-Computation and Crowdsourcing (HCC)<br \/><\/span><span style=\"font-size: 15px;\">&#8211; Knowledge Representation and Reasoning (KRR)<br \/><\/span><span style=\"font-size: 15px;\">&#8211; Machine Learning (ML)<br \/><\/span><span style=\"font-size: 15px;\">&#8211; Multiagent Systems (MAS)<br \/><\/span><span style=\"font-size: 15px;\">&#8211; Natural Language Processing (NLP)<br \/><\/span><span style=\"font-size: 15px;\">&#8211; Planning, Routing, and Scheduling (PRS)<br \/><\/span><span style=\"font-size: 15px;\">&#8211; Quantum Machine Learning (QML)<br \/><\/span><span style=\"font-size: 15px;\">&#8211; Reasoning under Uncertainty (RU)<br \/><\/span><span style=\"font-size: 15px;\">&#8211; Robotics (ROB)<br \/><\/span><span style=\"font-size: 15px;\">&#8211; Vision (VIS)<\/span><\/p>\n<p><span style=\"font-size: 15px;\"><\/span><\/p>\n<p><b>COORDENADORES DE PROGRAMA<\/b><\/p>\n<p><b>Trilha de Doutorado<\/b><\/p>\n<p><span style=\"font-weight: 400;\">Myriam Regattieri B. S. Delgado\u00a0 &lt;myriamdelg@gmail.com&gt;<br \/><\/span><span style=\"font-size: 15px;\">Rodrigo C. Barros &lt;rodrigo.barros@pucrs.br&gt;<\/span><\/p>\n<p><b>Trilha de Mestrado<\/b><\/p>\n<p><span style=\"font-weight: 400;\">Fernando Maciano de Paula Neto &lt;fernando@cin.ufpe.br&gt;<br \/><\/span><span style=\"font-size: 15px;\">Karliane Vale &lt;karliane.vale@ufrn.br&gt;<\/span><\/p>\n<p>[\/et_pb_text][\/et_pb_column][\/et_pb_row][\/et_pb_section]<\/p>\n","protected":false},"excerpt":{"rendered":"<p>Call for papers14\u00ba Concurso de Teses e Disserta\u00e7\u00f5es em Intelig\u00eancia Artificial e Computacional<div class=\"et_pb_module dsm_business_hours dsm_business_hours_0\">\n\t\t\t\t\n\t\t\t\t\n\t\t\t\t\n\t\t\t\t\n\t\t\t\t\n\t\t\t\t\n\t\t\t\t<div class=\"et_pb_module_inner\">\n\t\t\t\t\t\n\t\t\t\t<\/div>\n\t\t\t<\/div>CTDIAC 2024 A 14\u00ba edi\u00e7\u00e3o do Concurso de Teses e Disserta\u00e7\u00f5es em Intelig\u00eancia Artificial e Computacional (CTDIAC) \u00e9 um evento sat\u00e9lite do XIII Confer\u00eancia Brasileira de Sistemas Inteligentes (BRACIS), que ocorrer\u00e1 de 18 a 21 de Novembro de 2024, em Bel\u00e9m, Par\u00e1. Como nos anos anteriores, o evento visa reconhecer e premiar os melhores trabalhos de mestrado e doutorado na \u00e1rea defendidos em universidades brasileiras no per\u00edodo de agosto de 2022 (inclusive) a julho de 2024 (inclusive). CANDIDATURA O CTDIAC espera trabalhos conclu\u00eddos, originais e com impacto cient\u00edfico potencial. Candidaturas devem incluir dois arquivos em PDF: um contendo a tese\/disserta\u00e7\u00e3o e outro contendo um artigo que resuma a tese\/disserta\u00e7\u00e3o e enfatize as contribui\u00e7\u00f5es mais relevantes da pesquisa e de trabalhos derivados.\u00a0 O artigo deve conter a seguinte informa\u00e7\u00e3o na primeira p\u00e1gina: Nome da pessoa candidata Institui\u00e7\u00e3o emissora do t\u00edtulo Nome de orientadores e co-orientadores Trilha (MSc or PhD) Data da defesa ou apresenta\u00e7\u00e3o oral Membros da banca de defesa Link para vers\u00e3o da monografia na \u00edntegra (escrita em ingl\u00eas ou em portugu\u00eas) Ponteiros para trabalhos derivados Link para o perfil do Google Scholar Os artigos\u00a0 [&hellip;]<\/p>\n","protected":false},"author":7,"featured_media":0,"parent":0,"menu_order":0,"comment_status":"closed","ping_status":"closed","template":"","meta":{"_et_pb_use_builder":"on","_et_pb_old_content":"","_et_gb_content_width":"","footnotes":""},"class_list":["post-257122","page","type-page","status-publish","hentry"],"_links":{"self":[{"href":"https:\/\/bracis.sbc.org.br\/2024\/wp-json\/wp\/v2\/pages\/257122","targetHints":{"allow":["GET"]}}],"collection":[{"href":"https:\/\/bracis.sbc.org.br\/2024\/wp-json\/wp\/v2\/pages"}],"about":[{"href":"https:\/\/bracis.sbc.org.br\/2024\/wp-json\/wp\/v2\/types\/page"}],"author":[{"embeddable":true,"href":"https:\/\/bracis.sbc.org.br\/2024\/wp-json\/wp\/v2\/users\/7"}],"replies":[{"embeddable":true,"href":"https:\/\/bracis.sbc.org.br\/2024\/wp-json\/wp\/v2\/comments?post=257122"}],"version-history":[{"count":10,"href":"https:\/\/bracis.sbc.org.br\/2024\/wp-json\/wp\/v2\/pages\/257122\/revisions"}],"predecessor-version":[{"id":258097,"href":"https:\/\/bracis.sbc.org.br\/2024\/wp-json\/wp\/v2\/pages\/257122\/revisions\/258097"}],"wp:attachment":[{"href":"https:\/\/bracis.sbc.org.br\/2024\/wp-json\/wp\/v2\/media?parent=257122"}],"curies":[{"name":"wp","href":"https:\/\/api.w.org\/{rel}","templated":true}]}}