{"id":257359,"date":"2024-05-23T14:06:13","date_gmt":"2024-05-23T17:06:13","guid":{"rendered":"https:\/\/bracis.sbc.org.br\/2024\/?page_id=257359"},"modified":"2024-11-17T06:21:42","modified_gmt":"2024-11-17T09:21:42","slug":"programa-principal","status":"publish","type":"page","link":"https:\/\/bracis.sbc.org.br\/2024\/programa-principal\/","title":{"rendered":"Programa principal"},"content":{"rendered":"<p>[et_pb_section fb_built=&#8221;1&#8243; padding_top_bottom_link_2=&#8221;false&#8221; padding_left_right_link_2=&#8221;false&#8221; _builder_version=&#8221;4.27.2&#8243; _module_preset=&#8221;default&#8221; background_color=&#8221;gcid-1d86a217-8a0f-44b9-b3c2-cb04696d0f7f&#8221; overflow-x=&#8221;hidden&#8221; overflow-y=&#8221;hidden&#8221; custom_margin=&#8221;||0px||false|false&#8221; custom_padding=&#8221;4vw||3vw||false|false&#8221; locked=&#8221;off&#8221; global_colors_info=&#8221;{%22gcid-1d86a217-8a0f-44b9-b3c2-cb04696d0f7f%22:%91%22background_color%22%93}&#8221;][et_pb_row column_structure=&#8221;2_3,1_3&#8243; _builder_version=&#8221;4.25.0&#8243; _module_preset=&#8221;default&#8221; custom_margin=&#8221;||0px||false|false&#8221; custom_padding=&#8221;||0px||false|false&#8221; locked=&#8221;off&#8221; global_colors_info=&#8221;{}&#8221;][et_pb_column type=&#8221;2_3&#8243; _builder_version=&#8221;4.22.0&#8243; _module_preset=&#8221;default&#8221; global_colors_info=&#8221;{}&#8221;][et_pb_text _builder_version=&#8221;4.25.0&#8243; _module_preset=&#8221;6f8c47c6-2aa4-4f59-993d-d5e8713d11a8&#8243; header_text_color=&#8221;gcid-b0afb9e7-00cb-4a3b-9bdf-e3137e7083ae&#8221; header_font_size=&#8221;50px&#8221; custom_margin=&#8221;||0px||false|false&#8221; custom_padding=&#8221;||0px||false|false&#8221; global_colors_info=&#8221;{%22gcid-b0afb9e7-00cb-4a3b-9bdf-e3137e7083ae%22:%91%22header_text_color%22%93}&#8221;]<\/p>\n<h1><span>programa principal<\/span><\/h1>\n<p>[\/et_pb_text][dsm_business_hours _builder_version=&#8221;4.25.0&#8243; _module_preset=&#8221;default&#8221; global_colors_info=&#8221;{}&#8221;][\/dsm_business_hours][\/et_pb_column][et_pb_column type=&#8221;1_3&#8243; _builder_version=&#8221;4.25.0&#8243; _module_preset=&#8221;default&#8221; global_colors_info=&#8221;{}&#8221;][et_pb_image src=&#8221;https:\/\/bracis.sbc.org.br\/2024\/wp-content\/uploads\/2024\/05\/financial-planning-20.png&#8221; title_text=&#8221;financial-planning-20&#8243; _builder_version=&#8221;4.25.0&#8243; _module_preset=&#8221;default&#8221; positioning=&#8221;absolute&#8221; position_origin_a=&#8221;center_left&#8221; custom_margin=&#8221;0px|-30%|0px||false|false&#8221; custom_margin_tablet=&#8221;|0%||0%|false|true&#8221; custom_margin_phone=&#8221;|0%||0%|false|true&#8221; custom_margin_last_edited=&#8221;on|tablet&#8221; custom_padding=&#8221;0px||0px||false|false&#8221; locked=&#8221;off&#8221; global_colors_info=&#8221;{}&#8221;][\/et_pb_image][\/et_pb_column][\/et_pb_row][\/et_pb_section][et_pb_section fb_built=&#8221;1&#8243; bg_img_2=&#8221;https:\/\/bracis.sbc.org.br\/2024\/wp-content\/uploads\/2024\/04\/business-05.jpg&#8221; admin_label=&#8221;About&#8221; _builder_version=&#8221;4.16&#8243; background_image=&#8221;https:\/\/bracis.sbc.org.br\/2024\/wp-content\/uploads\/2024\/04\/investing-15.jpg&#8221; background_size=&#8221;initial&#8221; background_position=&#8221;top_center&#8221; locked=&#8221;off&#8221; global_colors_info=&#8221;{}&#8221;][et_pb_row _builder_version=&#8221;4.25.0&#8243; custom_margin=&#8221;0px||||false|false&#8221; custom_padding=&#8221;0px||||false|false&#8221; global_colors_info=&#8221;{}&#8221;][et_pb_column type=&#8221;4_4&#8243; _builder_version=&#8221;4.16&#8243; custom_padding=&#8221;|||&#8221; global_colors_info=&#8221;{}&#8221; custom_padding__hover=&#8221;|||&#8221;][et_pb_text _builder_version=&#8221;4.27.2&#8243; _module_preset=&#8221;default&#8221; custom_margin=&#8221;|||180px|false|false&#8221; global_colors_info=&#8221;{}&#8221;]<\/p>\n<h4>Para acessar a PROGRAMA\u00c7\u00c3O PRINCIPAL 2024 completa clique no bot\u00e3o abaixo:<\/h4>\n<p>[\/et_pb_text][et_pb_button button_url=&#8221;https:\/\/drive.google.com\/file\/d\/1_0t_5iHNPJMEVN8rdJgdSUdedV1jmu90\/view?usp=drive_link&#8221; url_new_window=&#8221;on&#8221; button_text=&#8221;PROGRAMA\u00c7\u00c3O PRINCIPAL 2024&#8243; _builder_version=&#8221;4.27.2&#8243; _module_preset=&#8221;default&#8221; custom_button=&#8221;on&#8221; button_text_size=&#8221;20px&#8221; button_text_color=&#8221;#000000&#8243; button_bg_color=&#8221;#d4e157&#8243; button_border_width=&#8221;1px&#8221; button_border_radius=&#8221;100px&#8221; button_icon=&#8221;&#xe023;||divi||400&#8243; button_icon_color=&#8221;#000000&#8243; transform_scale=&#8221;168%|168%&#8221; custom_margin=&#8221;64px|||352px|false|false&#8221; custom_padding=&#8221;||7px||false|false&#8221; animation_style=&#8221;fade&#8221; button_text_shadow_style=&#8221;preset1&#8243; box_shadow_style=&#8221;preset4&#8243; box_shadow_horizontal=&#8221;8px&#8221; box_shadow_blur=&#8221;5px&#8221; box_shadow_spread=&#8221;-4px&#8221; global_colors_info=&#8221;{}&#8221;][\/et_pb_button][et_pb_button button_url=&#8221;https:\/\/drive.google.com\/file\/d\/18VVKUG2H9K-i3GeqGUtburhT-Ez1XJwA\/view?usp=drive_link&#8221; url_new_window=&#8221;on&#8221; button_text=&#8221;Download Full Program here!&#8221; _builder_version=&#8221;4.27.2&#8243; _module_preset=&#8221;default&#8221; custom_button=&#8221;on&#8221; button_text_size=&#8221;20px&#8221; button_text_color=&#8221;#000000&#8243; button_bg_color=&#8221;#d4e157&#8243; button_border_width=&#8221;1px&#8221; button_border_radius=&#8221;100px&#8221; button_icon=&#8221;&#xe092;||divi||400&#8243; button_icon_color=&#8221;#000000&#8243; transform_scale=&#8221;80%|80%&#8221; custom_margin=&#8221;37px|||361px|false|false&#8221; custom_padding=&#8221;||7px||false|false&#8221; animation_style=&#8221;fade&#8221; hover_enabled=&#8221;0&#8243; button_text_shadow_style=&#8221;preset1&#8243; box_shadow_style=&#8221;preset4&#8243; box_shadow_horizontal=&#8221;8px&#8221; box_shadow_blur=&#8221;5px&#8221; box_shadow_spread=&#8221;-4px&#8221; global_colors_info=&#8221;{}&#8221; sticky_enabled=&#8221;0&#8243;][\/et_pb_button][et_pb_text _builder_version=&#8221;4.27.2&#8243; _module_preset=&#8221;default&#8221; min_height=&#8221;418.4px&#8221; custom_margin=&#8221;||-43px|||&#8221; custom_padding=&#8221;60px||6px|||&#8221; global_colors_info=&#8221;{}&#8221;]<\/p>\n<p><span style=\"color: #ff0000;\"><strong><b><\/b><\/strong><\/span><\/p>\n<p><span style=\"color: #ff0000;\"><strong><b><\/b><\/strong><\/span><\/p>\n<p><span style=\"color: #ff0000;\"><strong>Aviso sobre o Cronograma e Acesso \u00e0s Programa\u00e7\u00f5es no Domingo (17\/11)<\/strong><\/span><\/p>\n<p><span style=\"color: #ff0000;\">Informamos que no domingo, 17 de novembro, a programa\u00e7\u00e3o do CTDIAC ser\u00e1 restrita aos candidatos e membros da banca de avalia\u00e7\u00e3o. A programa\u00e7\u00e3o do Workshop Anual INCT CNPq IAIA tamb\u00e9m ser\u00e1 restrita aos membros do comit\u00ea IAIA. Assim, a programa\u00e7\u00e3o para o p\u00fablico de inscritos em geral ter\u00e1 in\u00edcio a partir de segunda-feira, 18 de novembro. Agradecemos a compreens\u00e3o de todos.<\/span><\/p>\n<p><span style=\"color: #ff0000;\">Atenciosamente,<\/span><br \/><span style=\"color: #ff0000;\">Comit\u00ea Organizador do BRACIS 2024<\/span><\/p>\n<p><strong><b><br \/>Jantar da confer\u00eancia (quarta-feira, 20h00)<\/b><\/strong><\/p>\n<p>\u00a0Na quarta-feira, dia 20 de novembro, teremos o jantar da confer\u00eancia na Casa Mia Eventos. A Casa Mia oferecer\u00e1 uma experi\u00eancia incr\u00edvel de \u201cfesta paraense\u201d. Teremos comidas t\u00edpicas e atra\u00e7\u00f5es regionais. N\u00e3o perca!<\/p>\n<p>\u00a0A Casa Mia est\u00e1 localizada na Rua Quintino Bocai\u00fava, 1696. Bel\u00e9m \u2013 PA. \u00a0<\/p>\n<p>Os ingressos podem ser comprados na mesa de registro (ECOS) por: \u00a0<\/p>\n<ul>\n<li>R$ 140,00 se voc\u00ea for profissional \u00a0<\/li>\n<li>R$ 90,00 se voc\u00ea for estudante. \u00a0<\/li>\n<\/ul>\n<p>Se voc\u00ea quiser levar um acompanhante que n\u00e3o est\u00e1 registrado para a confer\u00eancia, tamb\u00e9m pode comprar o ingresso na mesa de registro (ECOS) \u2013 \u2018Somente Jantar do BRACIS\u2019, por R$ 170,00. \u00a0<\/p>\n<p>&nbsp;<\/p>\n<p>[\/et_pb_text][et_pb_button button_url=&#8221;https:\/\/centraldesistemas.sbc.org.br\/ecos\/bracis2024&#8243; url_new_window=&#8221;on&#8221; button_text=&#8221;Jantar da confer\u00eancia Registre-se Aqui!&#8221; _builder_version=&#8221;4.27.2&#8243; _module_preset=&#8221;default&#8221; custom_button=&#8221;on&#8221; button_text_size=&#8221;23px&#8221; button_text_color=&#8221;#ffffff&#8221; button_bg_color=&#8221;#01728c&#8221; button_border_width=&#8221;1px&#8221; button_border_color=&#8221;#000000&#8243; button_border_radius=&#8221;100px&#8221; button_letter_spacing=&#8221;0px&#8221; button_icon=&#8221;&#xf2e7;||fa||900&#8243; transform_scale=&#8221;116%|116%&#8221; custom_margin=&#8221;26px||30px|294px|false|false&#8221; animation_style=&#8221;fade&#8221; animation_duration=&#8221;900ms&#8221; box_shadow_style=&#8221;preset4&#8243; box_shadow_blur=&#8221;6px&#8221; box_shadow_spread=&#8221;-3px&#8221; global_colors_info=&#8221;{}&#8221;][\/et_pb_button][\/et_pb_column][\/et_pb_row][\/et_pb_section]<\/p>\n","protected":false},"excerpt":{"rendered":"<p>programa principal<div class=\"et_pb_module dsm_business_hours dsm_business_hours_0\">\n\t\t\t\t\n\t\t\t\t\n\t\t\t\t\n\t\t\t\t\n\t\t\t\t\n\t\t\t\t\n\t\t\t\t<div class=\"et_pb_module_inner\">\n\t\t\t\t\t\n\t\t\t\t<\/div>\n\t\t\t<\/div>Para acessar a PROGRAMA\u00c7\u00c3O PRINCIPAL 2024 completa clique no bot\u00e3o abaixo: Aviso sobre o Cronograma e Acesso \u00e0s Programa\u00e7\u00f5es no Domingo (17\/11) Informamos que no domingo, 17 de novembro, a programa\u00e7\u00e3o do CTDIAC ser\u00e1 restrita aos candidatos e membros da banca de avalia\u00e7\u00e3o. A programa\u00e7\u00e3o do Workshop Anual INCT CNPq IAIA tamb\u00e9m ser\u00e1 restrita aos membros do comit\u00ea IAIA. Assim, a programa\u00e7\u00e3o para o p\u00fablico de inscritos em geral ter\u00e1 in\u00edcio a partir de segunda-feira, 18 de novembro. Agradecemos a compreens\u00e3o de todos. Atenciosamente,Comit\u00ea Organizador do BRACIS 2024 Jantar da confer\u00eancia (quarta-feira, 20h00) \u00a0Na quarta-feira, dia 20 de novembro, teremos o jantar da confer\u00eancia na Casa Mia Eventos. A Casa Mia oferecer\u00e1 uma experi\u00eancia incr\u00edvel de \u201cfesta paraense\u201d. Teremos comidas t\u00edpicas e atra\u00e7\u00f5es regionais. N\u00e3o perca! \u00a0A Casa Mia est\u00e1 localizada na Rua Quintino Bocai\u00fava, 1696. Bel\u00e9m \u2013 PA. \u00a0 Os ingressos podem ser comprados na mesa de registro (ECOS) por: \u00a0 R$ 140,00 se voc\u00ea for profissional \u00a0 R$ 90,00 se voc\u00ea for estudante. \u00a0 Se voc\u00ea quiser levar um acompanhante que n\u00e3o est\u00e1 registrado para a confer\u00eancia, tamb\u00e9m pode comprar o ingresso na mesa de registro (ECOS) \u2013 \u2018Somente Jantar do BRACIS\u2019, por R$ [&hellip;]<\/p>\n","protected":false},"author":7,"featured_media":0,"parent":0,"menu_order":0,"comment_status":"closed","ping_status":"closed","template":"","meta":{"_et_pb_use_builder":"on","_et_pb_old_content":"","_et_gb_content_width":"","footnotes":""},"class_list":["post-257359","page","type-page","status-publish","hentry"],"_links":{"self":[{"href":"https:\/\/bracis.sbc.org.br\/2024\/wp-json\/wp\/v2\/pages\/257359","targetHints":{"allow":["GET"]}}],"collection":[{"href":"https:\/\/bracis.sbc.org.br\/2024\/wp-json\/wp\/v2\/pages"}],"about":[{"href":"https:\/\/bracis.sbc.org.br\/2024\/wp-json\/wp\/v2\/types\/page"}],"author":[{"embeddable":true,"href":"https:\/\/bracis.sbc.org.br\/2024\/wp-json\/wp\/v2\/users\/7"}],"replies":[{"embeddable":true,"href":"https:\/\/bracis.sbc.org.br\/2024\/wp-json\/wp\/v2\/comments?post=257359"}],"version-history":[{"count":18,"href":"https:\/\/bracis.sbc.org.br\/2024\/wp-json\/wp\/v2\/pages\/257359\/revisions"}],"predecessor-version":[{"id":258073,"href":"https:\/\/bracis.sbc.org.br\/2024\/wp-json\/wp\/v2\/pages\/257359\/revisions\/258073"}],"wp:attachment":[{"href":"https:\/\/bracis.sbc.org.br\/2024\/wp-json\/wp\/v2\/media?parent=257359"}],"curies":[{"name":"wp","href":"https:\/\/api.w.org\/{rel}","templated":true}]}}